{"id":178,"date":"2025-08-04T13:39:27","date_gmt":"2025-08-04T13:39:27","guid":{"rendered":"https:\/\/xn--gard-maonnerie-beziers-56b.fr\/?page_id=178"},"modified":"2025-08-29T13:36:57","modified_gmt":"2025-08-29T13:36:57","slug":"accueil","status":"publish","type":"page","link":"https:\/\/xn--gard-maonnerie-beziers-56b.fr\/","title":{"rendered":"\u00c0 propos de nous"},"content":{"rendered":"\n<p>Chez <strong>GRAD<\/strong>, chaque projet est une pierre de plus \u00e0 l\u2019\u00e9difice de votre quotidien.<br>Sp\u00e9cialis\u00e9s en travaux de <strong>r\u00e9novation , travaux de structure ou de finition, ainsi que la ma\u00e7onnerie g\u00e9n\u00e9rale<\/strong>  nous intervenons avec m\u00e9thode, exigence et r\u00e9activit\u00e9, pour donner corps \u00e0 vos envies.<\/p>\n\n\n\n<p>\ud83c\udfe1 <strong>Un savoir-faire solide, des r\u00e9alisations durables<\/strong><br>Que ce soit pour moderniser un int\u00e9rieur, redonner vie \u00e0 une fa\u00e7ade, cr\u00e9er une extension ou refaire une terrasse, notre \u00e9quipe met son expertise au service de vos id\u00e9es, dans le respect des d\u00e9lais et des normes.<\/p>\n\n\n\n<p>\ud83d\udd28 <strong>Un interlocuteur fiable, un accompagnement de A \u00e0 Z<\/strong><br>Particuliers, professionnels ou collectivit\u00e9s, nous construisons une relation claire et directe, avec un seul objectif : un chantier bien men\u00e9, du premier coup de fil jusqu\u2019au dernier coup de truelle.<\/p>\n","protected":false},"excerpt":{"rendered":"<p>Chez GRAD, chaque projet est une pierre de plus \u00e0 l\u2019\u00e9difice de votre quotidien.Sp\u00e9cialis\u00e9s en travaux de r\u00e9novation , travaux de structure ou de finition, ainsi que la ma\u00e7onnerie g\u00e9n\u00e9rale nous intervenons avec m\u00e9thode, exigence et r\u00e9activit\u00e9, pour donner corps \u00e0 vos envies. \ud83c\udfe1 Un savoir-faire solide, des r\u00e9alisations durablesQue ce soit pour moderniser un &hellip; <\/p>\n<p class=\"link-more\"><a href=\"https:\/\/xn--gard-maonnerie-beziers-56b.fr\/\" class=\"more-link\">Continuer la lecture<span class=\"screen-reader-text\"> de &laquo;&nbsp;\u00c0 propos de nous&nbsp;&raquo;<\/span><\/a><\/p>\n","protected":false},"author":1,"featured_media":0,"parent":0,"menu_order":0,"comment_status":"closed","ping_status":"closed","template":"","meta":{"footnotes":""},"class_list":["post-178","page","type-page","status-publish","hentry"],"_links":{"self":[{"href":"https:\/\/xn--gard-maonnerie-beziers-56b.fr\/index.php\/wp-json\/wp\/v2\/pages\/178","targetHints":{"allow":["GET"]}}],"collection":[{"href":"https:\/\/xn--gard-maonnerie-beziers-56b.fr\/index.php\/wp-json\/wp\/v2\/pages"}],"about":[{"href":"https:\/\/xn--gard-maonnerie-beziers-56b.fr\/index.php\/wp-json\/wp\/v2\/types\/page"}],"author":[{"embeddable":true,"href":"https:\/\/xn--gard-maonnerie-beziers-56b.fr\/index.php\/wp-json\/wp\/v2\/users\/1"}],"replies":[{"embeddable":true,"href":"https:\/\/xn--gard-maonnerie-beziers-56b.fr\/index.php\/wp-json\/wp\/v2\/comments?post=178"}],"version-history":[{"count":5,"href":"https:\/\/xn--gard-maonnerie-beziers-56b.fr\/index.php\/wp-json\/wp\/v2\/pages\/178\/revisions"}],"predecessor-version":[{"id":316,"href":"https:\/\/xn--gard-maonnerie-beziers-56b.fr\/index.php\/wp-json\/wp\/v2\/pages\/178\/revisions\/316"}],"wp:attachment":[{"href":"https:\/\/xn--gard-maonnerie-beziers-56b.fr\/index.php\/wp-json\/wp\/v2\/media?parent=178"}],"curies":[{"name":"wp","href":"https:\/\/api.w.org\/{rel}","templated":true}]}}